 digit of a?
8
Let r(o) = 150*o - 247. What is the units digit of r(6)?
3
Let p be 1/(-2) + (-833)/(-2). Suppose 0*n + 4*q = -3*n + 87, -3*q + 156 = 5*n. What is the units digit of 6/n + p/11?
8
Suppose -5*c + 16*c = -0*c. Suppose c*s - s + 584 = 4*o, 0 = -2*o + s + 292. What is the hundreds digit of o?
1
Suppose 3*r = 2*t + 262, 6*t = r + 11*t - 110. What is the units digit of r?
0
Let p be (0 - 284)/((-3)/6). Suppose -p - 237 = -5*u. What is the units digit of u?
1
Suppose 0 = -0*j - 5*j + 140. Let p(z) = -z**3 + z**2 + 4. Let u be p(0). Suppose -u*s + j = -48. What is the units digit of s?
9
Let a = 169 + 309. What is the tens digit of a?
7
Suppose 1005 - 5025 = -15*s. Suppose 0 = -22*r + 20*r + s. What is the tens digit of r?
3
Suppose -2*x - 4*v = -20, 14 = 5*x - v - v. Suppose -x*c + 22 = 2. Let l = -3 + c. What is the units digit of l?
2
Let d(p) = -p + 15. Let h be d(9). Suppose 2*u - 5*u + h = 0. Suppose -u*y = y - 114. What is the units digit of y?
8
Let h be ((0 - -12) + -15)*(11 + 0). Let v = 49 + -145. Let s = h - v. What is the tens digit of s?
6
What is the units digit of -1 + (2 - -1) + 445?
7
Let r(a) = 16 + 3*a + 13 + a**2 + 12 - 42. Let b be r(-4). Suppose -2*f + b*f + 2*x = 3, -5*x + 21 = 4*f. What is the units digit of f?
9
Suppose -5*y + 200 + 168 = -3*k, 4*y = 4*k + 296. Let a = y + -65. What is the units digit of a?
8
Let u(f) = f**2 - 7*f + 13. Let c be u(4). Suppose 4*t - 6 = -j, -j = -0*j - 2*t - 24. Let z = j - c. What is the units digit of z?
7
Suppose -4*v = -2*q + 14, 3*v + 17 = -6*q + q. Let z(u) = -u**2 + 11*u**2 - 1 + 5*u**2. What is the tens digit of z(q)?
1
Let g = -18 + 26. Let s = -4 + g. What is the units digit of s/(-22) - 244/(-11)?
2
Let r(p) be the first derivative of p**4/2 - p**3 + 3*p**2 - p + 9. What is the tens digit of r(4)?
0
Let u(w) = -w**3 - 15*w**2 + 34*w - 26. Let v be u(-15). Let x = 851 + v. What is the tens digit of x?
1
What is the hundreds digit of (4 - 5 - 2)*3782/(-6)?
8
Suppose 5*z + 90 = -0*u + 2*u, -4*z = 2*u + 72. What is the tens digit of 25/(-3)*z/6?
2
Let p(x) = -59*x - 374. What is the tens digit of p(-8)?
9
Suppose -119 = -7*p + 189. Let z = p + -15. What is the tens digit of z?
2
Suppose 4*d + 62 = 90. Suppose -p + 1 + 3 = 0. Suppose -p*l + 49 + d = -4*h, 2*l + h - 19 = 0. What is the tens digit of l?
1
Let j(h) = -h**2 - 8*h - 7. Let n be j(-7). Suppose n = -9*u + 4*u + 665. What is the hundreds digit of u?
1
What is the hundreds digit of 20/(-60) - (-1)/3*1507?
5
Let u(w) = 9*w**2 + 6*w - 67. What is the tens digit of u(5)?
8
Let p(y) = y**3 - 16*y**2 + 18*y - 2. Let x(r) = 2*r + 5. Let k be x(5). Let j be p(k). Let a = -31 + j. What is the tens digit of a?
1
Let s = 282 - -572. What is the hundreds digit of s?
8
Suppose 5*x - 2*p - 48 = 0, -2*p + 4 = 2*x + p. Suppose -5*q + 30 = -2*q. What is the units digit of q/4*x/4?
5
Let b(g) = -g**3 - 7*g**2 + 2*g + 8. Let p(t) = -t**2 - 7*t - 4. Let y(h) = -h**2 - 1. Let a(w) = p(w) - 2*y(w). Let x be a(6). What is the tens digit of b(x)?
5
Suppose 0 = -4*g + c - 3*c + 622, 5*g - 779 = -4*c. What is the tens digit of g?
5
Suppose 14*t = 19*t - 1485. Suppose -6*s - 5*s + t = 0. What is the units digit of s?
7
Let j = 583 - 971. Let s = -271 - j. What is the hundreds digit of s?
1
Suppose 0 = -18*q + 1969 + 641. What is the hundreds digit of q?
1
Let f be 0/1 - (-1 - -1). Suppose 9*n = 614 - 227. Suppose -2*k + i + n = f, 3*k + 2*k - 109 = i. What is the tens digit of k?
2
Let i = -483 - -1268. What is the tens digit of i?
8
Suppose -37 = u + 5*x - 5, 4*x = -4*u - 64. Let j be (u/4)/((-6)/4). Suppose 5*m + 15 = 2*m, j*m = -w + 25. What is the tens digit of w?
3
Let c(y) = 23*y**2 - 27*y + 120. What is the units digit of c(5)?
0
Suppose -458 = -2*l - 4*w, -58*l + 61*l = -w + 707. What is the hundreds digit of l?
2
Let u(p) = 2*p**3 - 2*p**2 - p - 3. Let c be u(3). Let g be (-3)/(-5) + 72/c. Suppose g*n + 3 = 9, 3*f = 5*n + 74. What is the units digit of f?
8
Suppose 14 = i + 2*l - 13, 4*l = 4*i - 108. Suppose -2*n + i = n - 5*k, 23 = 5*n - k. Suppose n*j = 5*z + 41, -6*j + j - 2*z = -76. What is the tens digit of j?
1
Let o(s) be the third derivative of -29*s**4/24 + s**3/6 + 2*s**2. Let h be (-1)/(-1*(4 - 5)). What is the tens digit of o(h)?
3
Suppose -w = -3, 35 = -9*f + 4*f - 5*w. Suppose -3*p - 4*o = -7*p + 16, -5*p + 4*o = -20. What is the units digit of ((-14)/p)/(1/f)?
5
Suppose -3*u = 9 - 15. Suppose -u*z + 4 + 30 = 0. What is the units digit of z?
7
Suppose -12*j = -10*j - 3*l - 4209, -3*l + 3 = 0. What is the tens digit of j?
0
Let r(l) = 0*l + 2*l - 3*l - 3 + 23. What is the tens digit of r(-9)?
2
Let y be 3/1*(-6)/(-6). Suppose -7*p + y*p + 116 = 0. What is the units digit of p?
9
Let s be (-1)/(-5) + (-108)/(-60). Suppose -4*u + n = -53, -s*u + 4*u - 43 = -5*n. What is the tens digit of u?
1
Suppose 2*v - 98 = 64. What is the units digit of v?
1
Let i(f) = 98*f + 1. Let v = 7 - 6. Let z be i(v). Suppose -3*h - z = -6*h. What is the units digit of h?
3
Suppose 0 = 3*p + p - 112. What is the units digit of p?
8
Let t = 435 - -350. What is the units digit of t?
5
Suppose 6*f + 4098 = 8*f. What is the units digit of f?
9
Suppose 0 = 3*r + g - 5*g - 1141, 3*r + g = 1151. What is the tens digit of r?
8
Suppose 11144 + 266 = 14*a. What is the hundreds digit of a?
8
Suppose -18*f = -8*f - 5980. What is the hundreds digit of f?
5
What is the units digit of -4 + (-3914)/(-11) - (-20)/110?
2
Let d(m) = m**2 - 6*m + 3. Let l be 3 + 0 - 30/(-15). Let u be d(l). What is the units digit of (-3 - 104/u) + 3?
2
Let t = -228 - -125. What is the units digit of 0 + -2 - 1 - t?
0
Let q be ((-18)/(-4))/((-12)/16). What is the tens digit of 1/q*-3*86?
4
Suppose 33*v - 145 = 28*v. What is the tens digit of v?
2
Let b be 0 + 0 + 43*(-1 - -2). Suppose -44*y = -b*y - 37. What is the units digit of y?
7
Let c(y) = -y**3 - 6*y**2 - 2*y + 11. Let g be c(-5). What is the tens digit of (3 - 6*g/(-9))*423?
4
Let o(w) = w**3 + 25*w**2 - 136*w - 12. What is the units digit of o(-25)?
8
Suppose 5*j + 2*z = 64, -3*z = -4*j + z + 40. Suppose 2*m - j = 6*m. What is the units digit of 3/((2 + -3)*m)?
1
Let r(f) = 12*f - 93. What is the tens digit of r(26)?
1
Let d = -2225 - -3800. What is the thousands digit of d?
1
Let t(s) = 140*s**2 + 15*s + 6. What is the hundreds digit of t(3)?
3
Suppose k - 3 = 1. Suppose 0*w + k*w = 248. What is the tens digit of w?
6
Let i be 6/14 - 62442/(-126). Let g = i - 243. What is the hundreds digit of g?
2
Let g = 1872 + -1638. What is the units digit of g?
4
Suppose 15 = 5*g, -2*g + 9 = -q + 2*g. Suppose k - q*k = -3*d + 415, 689 = 5*d - 4*k. What is the tens digit of d?
4
Suppose 0 = w + 4*w + 20. Let l = -45 - w. Let t = 17 - l. What is the tens digit of t?
5
Let a = 862 - 559. What is the hundreds digit of a?
3
Let m = -17 - -21. Suppose -m*g = g + 15. What is the units digit of (19 - -3)*g/(-6)?
1
Suppose 0 = -4*x + 7 + 13. Let v be (-11 + 9)*278/(-4). Suppose -2*g + z + 104 = 0, x*z + v = 4*g - 75. What is the tens digit of g?
5
Let x be (3 + 0 + -28)*-1. Suppose -21*s = -x*s + 268. What is the tens digit of s?
6
Let l be 3*-6*6/(-54). What is the units digit of -4 + 2/l - (-105)/7?
2
Suppose -3*j + 122 = -4*j. Let l = j + 177. What is the tens digit of l?
5
Let v(o) = -o**3 + 5*o**2 + 3*o - 5. Let c be v(5). Let i be (-441)/(-35) + 4/c. Suppose 0 = 3*t + 4*b - 6, 3*b = 2*t - 8 - i. What is the units digit of t?
6
Let r(j) = -3*j + 4. Let z(a) = 1. Let w(c) = -r(c) - z(c). Let g be w(4). What is the tens digit of g/(35/20) - -28?
3
Let x(n) be the second derivative of -n**4/12 - 2*n**3/3 + n**2/2 + n. What is the units digit of x(-4)?
1
Let i(b) = 2*b + 25. Let n be i(7). Suppose 5*l = -2*d - 2*d + 163, d + 3*l = n. What is the units digit of d?
2
Let y be 22/10 + 5/(-25). Suppose s = 3*l + 3*s - 82, -4*l = y*s - 112. What is the tens digit of l?
3
Let s(c) = 5*c - 1. Let h be s(-1). Let b = -1 - h. Suppose 4*f = -16, 2*l + 2*l + b*f = 196. What is the units digit of l?
4
Let c(s) = 10*s**2 - 15*s + 60. What is the units digit of c(-14)?
0
Suppose 0 = -c - a + 16, -2*c + 7*c - 98 = 4*a. What is the tens digit of c?
1
Let w(o) = 24*o**2 + 7*o - 80. What is the hundreds digit of w(9)?
9
Let j(a) = -a**3 + 7*a**2 + a -